isor of 40 and m.
20
Let x be (1/2)/((-2)/(-48)). Let t(w) = -5*w**2 + 5*w + 9. Let m be t(-6). Let y = m - -285. Calculate the greatest common divisor of x and y.
12
Let j(d) = d**2 - d + 1. Let o(c) = 34*c**2 + c - 3. Let n(v) = 2*j(v) + o(v). Let z be n(-1). Calculate the highest common divisor of 12 and z.
12
Suppose -250 = -5*b - 0*b. Calculate the highest common divisor of 20 and b.
10
Let x(a) = -14*a - 12. Let z be x(-6). What is the highest common factor of 8 and z?
8
Let p be 16/(-12)*75/(-2). Calculate the greatest common divisor of p and 10.
10
Suppose 3*j + 4*w + 25 = 70, -3*j + 45 = w. Calculate the greatest common divisor of j and 75.
15
Let f be 4/((-4)/(-13)) - 1. Suppose -d - f = -2*d. What is the highest common divisor of d and 84?
12
Suppose -4*z + 7*z + 9 = 0. Let d be -2*z/(-6) + 21. What is the greatest common divisor of 50 and d?
10
Let s be -1 + (-6)/(-4)*2. Suppose 4*d - s = 6. Calculate the highest common divisor of 8 and d.
2
Let h be 43 + 8/((-40)/15). Calculate the highest common factor of 360 and h.
40
Let g = 3 + -9. Let t be g/21 + 2/7. Suppose 4*l - l - 189 = t. Calculate the greatest common divisor of l and 9.
9
Let f = -6 - -9. Suppose -5*r - 3*b + 79 = 0, -f*r + 67 = 2*r - b. Calculate the greatest common factor of r and 56.
14
Let w = 22 - 13. Let d(b) = -3 - 3 - w*b - 3 + 0. Let t be d(-6). Calculate the highest common divisor of t and 18.
9
Let l be (-6)/51 + (-70)/(-17). What is the highest common factor of l and 12?
4
Suppose -7*k + 3*k + 20 = 0. What is the highest common divisor of k and 25?
5
Let h = -8 + 34. Suppose -25*j - 960 = -8110. Calculate the greatest common factor of j and h.
26
Let c(n) = -3*n - 21. Let a be c(-21). Suppose 0*l - 4 = l. Let d = l - -10. What is the highest common divisor of a and d?
6
Let a be (4/(-6))/(6/(-72)). What is the highest common divisor of 40 and a?
8
Let u = 103 + -82. What is the highest common factor of u and 49?
7
Suppose -8 + 20 = 2*p. Let z = 4 + 1. Suppose 66 = z*i + p. Calculate the greatest common factor of i and 60.
12
Let y(s) = s**2 + s - 2. Let a be y(-6). What is the highest common factor of a and 70?
14
Let y be 2/(-3)*-3 + 34. Let r(i) = -4*i - 3. Let w = 1 + -4. Let a be r(w). What is the highest common divisor of a and y?
9
Let a(l) = -l - 6. Let h be a(-8). Suppose h = -3*q + 8. Suppose q*g = 5*o - 279, o - 120 = -o - 2*g. Calculate the highest common factor of 19 and o.
19
Let b(r) = r**2 + 3*r - 2. Let x be b(3). Let m = 163 + -99. Calculate the greatest common factor of x and m.
16
Let o be 2/((-6)/(-3)) - -9. What is the highest common divisor of o and 10?
10
Let k(f) = 7*f - 1. Let d be k(1). Let u be 106/9 + d/27. Calculate the greatest common factor of 60 and u.
12
Let u = -1 - -3. Suppose -l + 9 = u*l. Suppose 2*z - z - l*y - 19 = 0, -z + 2*y = -19. Calculate the greatest common divisor of z and 95.
19
Suppose 2*k + 60 = 5*w, 7 = w - 4*k - 5. Suppose 36 = -12*n + 14*n. What is the greatest common factor of n and w?
6
Let q = 122 - 42. Let t(u) = -2*u**3 + 2*u**2 - 1. Let g be t(1). Let o(r) = -33*r - 1. Let j be o(g). Calculate the highest common divisor of q and j.
16
Let b be 46/(-1 - (-3 + 0)). What is the greatest common divisor of 184 and b?
23
Suppose 16 = v + 3*v. Let k(a) = 0 - 3*a + 8*a - v. Let s be k(4). What is the greatest common divisor of s and 176?
16
Let r = 433 - 268. Calculate the greatest common divisor of 15 and r.
15
Suppose 4*l = j, -5*j + 5*l + 0*l = -45. What is the highest common divisor of 30 and j?
6
Let i = 17 - -6. Suppose -5*a = -i - 12. Suppose 3*j = 4*l - 115, 7*l - 143 = 2*l + 3*j. Calculate the highest common factor of l and a.
7
Let u(m) = -m - 7 + 10*m - 8*m**2 + 2*m**3 - m**3. Let o be u(7). Suppose 6*i = -0*i + 42. What is the greatest common factor of i and o?
7
Let b(p) = -14*p - 14. Let m be b(-2). What is the highest common divisor of m and 98?
14
Suppose 8*o - 11*o + 336 = 0. What is the greatest common factor of 16 and o?
16
Let t = -32 - -56. Let r = 37 - -179. Calculate the greatest common divisor of t and r.
24
Let j be (-7 - -8)/(3/57). Calculate the highest common divisor of 133 and j.
19
Let m be (16/40)/((-2)/(-60)). Suppose 2*s - 3*s + 5 = -g, -5*g - 21 = -s. Let v be (-18)/(-1)*g/(-3). What is the greatest common divisor of m and v?
12
Suppose 109 - 25 = 2*b. Let d(n) = -n**3 - 3*n**2 - 4*n - 2. Let z be d(-3). Let u = 38 - z. What is the greatest common factor of b and u?
14
Let i be (-126)/(-30)*(11 + -1). Calculate the highest common factor of 14 and i.
14
Let v(g) = -g**2 + 5*g - 4. Let l be v(5). Let c = l - -6. Suppose 3*j = 11 + 4. What is the highest common divisor of c and j?
1
Let w be (-238)/(-8) - 4/(-16). What is the greatest common factor of 90 and w?
30
Let x(z) be the first derivative of z**2/2 - z + 1. Let p be x(7). Let g = 21 + -15. What is the highest common divisor of g and p?
6
Let r(c) = 3*c**3 - 3*c**2 + 2*c. Let q be r(1). What is the highest common divisor of q and 22?
2
Let v be (-9)/6*-2*-1. Let f(y) = -4*y - 3. Let m be f(v). What is the greatest common divisor of 1 and m?
1
Suppose o = 2*g + 2*g + 17, -4*o - 2*g = -140. Let j = o + -11. Calculate the greatest common divisor of 55 and j.
11
Let p be (-1)/(-1) + (-8)/(-8). Let v(s) = 2*s**2 + 2. Let x(h) = h. Let f(y) = v(y) - 3*x(y). Let a be f(2). Calculate the highest common divisor of a and p.
2
Let u(z) = -z**3 - 8*z**2 - 7*z. Let i be u(-7). Suppose 3*h - 2*h - 16 = i. Calculate the greatest common factor of h and 2.
2
Let h(w) = -w**3 - 7*w**2 + w + 8. Let q be h(-7). Let m = q - -1. Suppose -m*d - 5 = -3*d. What is the highest common factor of d and 5?
5
Let x(m) = m**2 - 9*m + 12. Let y be x(8). Suppose -2 = -2*k + y. Calculate the highest common divisor of 33 and k.
3
Let u(l) be the second derivative of l**5/5 - l**4/3 + l**3/2 - l**2/2 + 2*l. Let i be u(2). Let z = 9 + -2. What is the highest common factor of z and i?
7
Let m(p) = p**3 - 12*p**2 + 10*p + 5. Let x be m(11). Let o(d) = -4*d - 5. Let q be o(x). Calculate the greatest common factor of q and 57.
19
Let m(p) = 22*p**3 - p**2 - p + 1. Let d be m(1). What is the greatest common divisor of 3 and d?
3
Let h be (5 - 3) + -3 + 4. Suppose -f = -5*j + 553, -3 - 6 = h*f. What is the greatest common divisor of j and 10?
10
Suppose 2*s = u + 67, 3*s = 3*u + 72 + 27. Suppose -s + 4 = -2*c. What is the greatest common factor of 15 and c?
15
Suppose -4*m - 4*j + 52 = 0, -4*m + j = -j - 46. Let a = -3 + 9. Calculate the highest common divisor of m and a.
6
Suppose 5*g - 4 = 3*g. Let l = 3 + g. Calculate the greatest common divisor of l and 1.
1
Suppose -13 - 2 = -3*z. Let d(r) = -r**2 + 10*r. Let f be d(10). Suppose -b - b - 5*n + 174 = f, 2*n + 377 = z*b. What is the highest common factor of 11 and b?
11
Let p = -5 + 1. Let j be ((-5)/2)/(-5)*p. Let l be 124/12 + j/6. What is the highest common factor of l and 15?
5
Let w = -72 - -107. Let f = -4 - -5. Let b be (f/1)/(1/7). What is the greatest common factor of w and b?
7
Let o = -9 - -6. Let b be (o/(-2))/((-21)/(-392)). Calculate the highest common divisor of b and 7.
7
Let d be (-6)/(4/(-20)*2). Calculate the greatest common divisor of d and 165.
15
Let p(u) = u + 12. Let a be p(-6). Calculate the greatest common divisor of a and 48.
6
Let n(m) = -39*m. Let q be n(-4). Calculate the greatest common factor of 26 and q.
26
Let g(x) = -x + 1. Let d be g(2). Let b be 26/5 + d/5. Suppose -b*j + 51 = 2*m, 6*j - j - 33 = 4*m. What is the greatest common factor of j and 18?
9
Let x = 15 + -10. Suppose x*p - 12 = -y - y, 4*p - 20 = y. Calculate the greatest common factor of 44 and p.
4
Let z be ((3 - 1)/(-2))/(1/(-7)). What is the greatest common divisor of 77 and z?
7
Suppose -g = -3*q + 2*g + 21, 2*q = g + 9. Let d(k) = -k**3 + k + 14. Let a be d(0). What is the greatest common divisor of q and a?
2
Let k be 12/3 + -6 + 26. What is the highest common factor of k and 16?
8
Let z(g) = g**3 - 6*g**2 + 5*g - 1. Let s be z(4). Let k = s + 29. What is the highest common divisor of 80 and k?
16
Let f(s) = 5*s - 5. Let h = 11 - 4. Let x be f(h). Calculate the highest common divisor of x and 12.
6
Let z be -3 + 4 - -5 - 3. What is the highest common factor of z and 15?
3
Let l be (-130)/(-6)*(1 + 2). Le